{"id":12489,"date":"2025-05-07T15:24:40","date_gmt":"2025-05-07T15:24:40","guid":{"rendered":"https:\/\/consortium.hr\/?post_type=product&#038;p=12489"},"modified":"2026-08-14T15:12:54","modified_gmt":"2026-08-14T15:12:54","slug":"acryl-fas-akrilna-fasadna-boja","status":"publish","type":"product","link":"https:\/\/consortium.hr\/sl\/product\/acryl-fas-akrilna-fasadna-boja\/","title":{"rendered":"Acryl FAS - akrilna fasadna boja"},"content":{"rendered":"<p><strong>JUBIZOL Acryl FAS - akrilna fasadna boja<\/strong><\/p>\n<p>Za manje i ve\u0107e objekte bez ili sa minimalnim napustima. Naj\u010de\u0161\u0107i odabir za \u010dvrste, fino o\u017ebukane\/zagla\u0111ene\/glatke fasadne povr\u0161ine.<\/p>\n<p><strong>Lastnosti:<\/strong><\/p>\n<ul>\n<li>Naj\u010de\u0161\u0107i odabir me\u0111u fasadnim bojama<\/li>\n<li>Odli\u010dna vodoodbojnost<\/li>\n<li>\u0160iroka paleta dostupnih, odli\u010dno postojanih nijansi<\/li>\n<li>Otporna na razvoj algi i plijesni<\/li>\n<li>Vrlo dobra paropropusnost<\/li>\n<li>Odli\u010dna otpornost na atmosferska optere\u0107enja<\/li>\n<li>Visoka elasti\u010dnost filma boje<\/li>\n<\/ul>\n<p><strong>Koristi za investitora \/ izvo\u0111a\u010da<\/strong><\/p>\n<ul>\n<li>Odli\u010dna dugotrajna za\u0161tita<\/li>\n<li>Veliki odabir razli\u010ditih pakiranja<\/li>\n<li>Odli\u010dna pokrivnost<\/li>\n<li>Mogu\u0107 strojni nanos<\/li>\n<li>Enostavno nana\u0161anje<\/li>\n<li>Odli\u010dna izda\u0161nost i krajnji izgled filma<\/li>\n<li>Vi\u0161estruka upotreba boje<\/li>\n<\/ul>\n<p><strong>Poraba<\/strong><\/p>\n<ul>\n<li>180 do 210 ml\/m2<\/li>\n<\/ul>\n<p><strong>Vrijeme su\u0161enja<\/strong><\/p>\n<ul>\n<li>prije 2. nanosa: 6h<\/li>\n<li>postignuta otpornost na ispiranje oborinskom vodom (h): 24<\/li>\n<\/ul>","protected":false},"excerpt":{"rendered":"<p>JUBIZOL Acryl FAS - akrilna fasadna boja Za manje i ve\u0107e objekte bez ili sa minimalnim napustima. Naj\u010de\u0161\u0107i odabir za \u010dvrste, fino o\u017ebukane\/zagla\u0111ene\/glatke fasadne povr\u0161ine. Karakteristike Naj\u010de\u0161\u0107i odabir me\u0111u fasadnim bojama Odli\u010dna vodoodbojnost \u0160iroka paleta dostupnih, odli\u010dno postojanih nijansi Otporna na razvoj algi i plijesni Vrlo dobra paropropusnost Odli\u010dna otpornost na atmosferska optere\u0107enja Visoka elasti\u010dnost [&hellip;]<\/p>","protected":false},"featured_media":12490,"template":"","meta":{"_acf_changed":false},"product_brand":[],"product_cat":[361,189],"product_tag":[],"class_list":["post-12489","product","type-product","status-publish","has-post-thumbnail","product_cat-boja-za-fasade","product_cat-fasade","first","instock","shipping-taxable","purchasable","product-type-variable","wvs-archive-product-wrapper"],"acf":[],"yoast_head":"<!-- This site is optimized with the Yoast SEO plugin v26.1.1 - https:\/\/yoast.com\/wordpress\/plugins\/seo\/ -->\n<title>Acryl FAS - akrilna fasadna boja - Consortium<\/title>\n<meta name=\"robots\" content=\"index, follow, max-snippet:-1, max-image-preview:large, max-video-preview:-1\" \/>\n<link rel=\"canonical\" href=\"https:\/\/consortium.hr\/sl\/product\/acryl-fas-akrilna-fasadna-boja\/\" \/>\n<meta property=\"og:locale\" content=\"sl_SI\" \/>\n<meta property=\"og:type\" content=\"article\" \/>\n<meta property=\"og:title\" content=\"Acryl FAS - akrilna fasadna boja - Consortium\" \/>\n<meta property=\"og:description\" content=\"JUBIZOL Acryl FAS - akrilna fasadna boja Za manje i ve\u0107e objekte bez ili sa minimalnim napustima. Naj\u010de\u0161\u0107i odabir za \u010dvrste, fino o\u017ebukane\/zagla\u0111ene\/glatke fasadne povr\u0161ine. Karakteristike Naj\u010de\u0161\u0107i odabir me\u0111u fasadnim bojama Odli\u010dna vodoodbojnost \u0160iroka paleta dostupnih, odli\u010dno postojanih nijansi Otporna na razvoj algi i plijesni Vrlo dobra paropropusnost Odli\u010dna otpornost na atmosferska optere\u0107enja Visoka elasti\u010dnost [&hellip;]\" \/>\n<meta property=\"og:url\" content=\"https:\/\/consortium.hr\/sl\/product\/acryl-fas-akrilna-fasadna-boja\/\" \/>\n<meta property=\"og:site_name\" content=\"Consortium\" \/>\n<meta property=\"article:modified_time\" content=\"2026-08-14T15:12:54+00:00\" \/>\n<meta property=\"og:image\" content=\"https:\/\/consortium.hr\/wp-content\/uploads\/2025\/05\/acryl-fas.png\" \/>\n\t<meta property=\"og:image:width\" content=\"800\" \/>\n\t<meta property=\"og:image:height\" content=\"800\" \/>\n\t<meta property=\"og:image:type\" content=\"image\/png\" \/>\n<meta name=\"twitter:card\" content=\"summary_large_image\" \/>\n<meta name=\"twitter:label1\" content=\"Est. reading time\" \/>\n\t<meta name=\"twitter:data1\" content=\"1 minuta\" \/>\n<script type=\"application\/ld+json\" class=\"yoast-schema-graph\">{\"@context\":\"https:\/\/schema.org\",\"@graph\":[{\"@type\":\"WebPage\",\"@id\":\"https:\/\/consortium.hr\/product\/acryl-fas-akrilna-fasadna-boja\/\",\"url\":\"https:\/\/consortium.hr\/product\/acryl-fas-akrilna-fasadna-boja\/\",\"name\":\"Acryl FAS - akrilna fasadna boja - Consortium\",\"isPartOf\":{\"@id\":\"https:\/\/consortium.hr\/#website\"},\"primaryImageOfPage\":{\"@id\":\"https:\/\/consortium.hr\/product\/acryl-fas-akrilna-fasadna-boja\/#primaryimage\"},\"image\":{\"@id\":\"https:\/\/consortium.hr\/product\/acryl-fas-akrilna-fasadna-boja\/#primaryimage\"},\"thumbnailUrl\":\"https:\/\/consortium.hr\/wp-content\/uploads\/2025\/05\/acryl-fas.png\",\"datePublished\":\"2025-05-07T15:24:40+00:00\",\"dateModified\":\"2026-08-14T15:12:54+00:00\",\"breadcrumb\":{\"@id\":\"https:\/\/consortium.hr\/product\/acryl-fas-akrilna-fasadna-boja\/#breadcrumb\"},\"inLanguage\":\"sl-SI\",\"potentialAction\":[{\"@type\":\"ReadAction\",\"target\":[\"https:\/\/consortium.hr\/product\/acryl-fas-akrilna-fasadna-boja\/\"]}]},{\"@type\":\"ImageObject\",\"inLanguage\":\"sl-SI\",\"@id\":\"https:\/\/consortium.hr\/product\/acryl-fas-akrilna-fasadna-boja\/#primaryimage\",\"url\":\"https:\/\/consortium.hr\/wp-content\/uploads\/2025\/05\/acryl-fas.png\",\"contentUrl\":\"https:\/\/consortium.hr\/wp-content\/uploads\/2025\/05\/acryl-fas.png\",\"width\":800,\"height\":800},{\"@type\":\"BreadcrumbList\",\"@id\":\"https:\/\/consortium.hr\/product\/acryl-fas-akrilna-fasadna-boja\/#breadcrumb\",\"itemListElement\":[{\"@type\":\"ListItem\",\"position\":1,\"name\":\"Po\u010detna stranica\",\"item\":\"https:\/\/consortium.hr\/sl\/\"},{\"@type\":\"ListItem\",\"position\":2,\"name\":\"Shop\",\"item\":\"https:\/\/consortium.hr\/sl\/shop\/\"},{\"@type\":\"ListItem\",\"position\":3,\"name\":\"Acryl FAS - akrilna fasadna boja\"}]},{\"@type\":\"WebSite\",\"@id\":\"https:\/\/consortium.hr\/#website\",\"url\":\"https:\/\/consortium.hr\/\",\"name\":\"Consortium\",\"description\":\"Gra\u0111evinski Materijal - Odli\u010dna Ponuda i Cijena\",\"alternateName\":\"Gra\u0111evinski Materijal - Odli\u010dna Ponuda i Cijena\",\"potentialAction\":[{\"@type\":\"SearchAction\",\"target\":{\"@type\":\"EntryPoint\",\"urlTemplate\":\"https:\/\/consortium.hr\/?s={search_term_string}\"},\"query-input\":{\"@type\":\"PropertyValueSpecification\",\"valueRequired\":true,\"valueName\":\"search_term_string\"}}],\"inLanguage\":\"sl-SI\"}]}<\/script>\n<!-- \/ Yoast SEO plugin. -->","yoast_head_json":{"title":"Acryl FAS - akrilna fasadna boja - Consortium","robots":{"index":"index","follow":"follow","max-snippet":"max-snippet:-1","max-image-preview":"max-image-preview:large","max-video-preview":"max-video-preview:-1"},"canonical":"https:\/\/consortium.hr\/sl\/product\/acryl-fas-akrilna-fasadna-boja\/","og_locale":"sl_SI","og_type":"article","og_title":"Acryl FAS - akrilna fasadna boja - Consortium","og_description":"JUBIZOL Acryl FAS - akrilna fasadna boja Za manje i ve\u0107e objekte bez ili sa minimalnim napustima. Naj\u010de\u0161\u0107i odabir za \u010dvrste, fino o\u017ebukane\/zagla\u0111ene\/glatke fasadne povr\u0161ine. Karakteristike Naj\u010de\u0161\u0107i odabir me\u0111u fasadnim bojama Odli\u010dna vodoodbojnost \u0160iroka paleta dostupnih, odli\u010dno postojanih nijansi Otporna na razvoj algi i plijesni Vrlo dobra paropropusnost Odli\u010dna otpornost na atmosferska optere\u0107enja Visoka elasti\u010dnost [&hellip;]","og_url":"https:\/\/consortium.hr\/sl\/product\/acryl-fas-akrilna-fasadna-boja\/","og_site_name":"Consortium","article_modified_time":"2026-08-14T15:12:54+00:00","og_image":[{"width":800,"height":800,"url":"https:\/\/consortium.hr\/wp-content\/uploads\/2025\/05\/acryl-fas.png","type":"image\/png"}],"twitter_card":"summary_large_image","twitter_misc":{"Est. reading time":"1 minuta"},"schema":{"@context":"https:\/\/schema.org","@graph":[{"@type":"WebPage","@id":"https:\/\/consortium.hr\/product\/acryl-fas-akrilna-fasadna-boja\/","url":"https:\/\/consortium.hr\/product\/acryl-fas-akrilna-fasadna-boja\/","name":"Acryl FAS - akrilna fasadna boja - Consortium","isPartOf":{"@id":"https:\/\/consortium.hr\/#website"},"primaryImageOfPage":{"@id":"https:\/\/consortium.hr\/product\/acryl-fas-akrilna-fasadna-boja\/#primaryimage"},"image":{"@id":"https:\/\/consortium.hr\/product\/acryl-fas-akrilna-fasadna-boja\/#primaryimage"},"thumbnailUrl":"https:\/\/consortium.hr\/wp-content\/uploads\/2025\/05\/acryl-fas.png","datePublished":"2025-05-07T15:24:40+00:00","dateModified":"2026-08-14T15:12:54+00:00","breadcrumb":{"@id":"https:\/\/consortium.hr\/product\/acryl-fas-akrilna-fasadna-boja\/#breadcrumb"},"inLanguage":"sl-SI","potentialAction":[{"@type":"ReadAction","target":["https:\/\/consortium.hr\/product\/acryl-fas-akrilna-fasadna-boja\/"]}]},{"@type":"ImageObject","inLanguage":"sl-SI","@id":"https:\/\/consortium.hr\/product\/acryl-fas-akrilna-fasadna-boja\/#primaryimage","url":"https:\/\/consortium.hr\/wp-content\/uploads\/2025\/05\/acryl-fas.png","contentUrl":"https:\/\/consortium.hr\/wp-content\/uploads\/2025\/05\/acryl-fas.png","width":800,"height":800},{"@type":"BreadcrumbList","@id":"https:\/\/consortium.hr\/product\/acryl-fas-akrilna-fasadna-boja\/#breadcrumb","itemListElement":[{"@type":"ListItem","position":1,"name":"Po\u010detna stranica","item":"https:\/\/consortium.hr\/sl\/"},{"@type":"ListItem","position":2,"name":"Shop","item":"https:\/\/consortium.hr\/sl\/shop\/"},{"@type":"ListItem","position":3,"name":"Acryl FAS - akrilna fasadna boja"}]},{"@type":"WebSite","@id":"https:\/\/consortium.hr\/#website","url":"https:\/\/consortium.hr\/","name":"Consortium","description":"Gra\u0111evinski Materijal - Odli\u010dna Ponuda i Cijena","alternateName":"Gra\u0111evinski Materijal - Odli\u010dna Ponuda i Cijena","potentialAction":[{"@type":"SearchAction","target":{"@type":"EntryPoint","urlTemplate":"https:\/\/consortium.hr\/?s={search_term_string}"},"query-input":{"@type":"PropertyValueSpecification","valueRequired":true,"valueName":"search_term_string"}}],"inLanguage":"sl-SI"}]}},"_links":{"self":[{"href":"https:\/\/consortium.hr\/sl\/wp-json\/wp\/v2\/product\/12489","targetHints":{"allow":["GET"]}}],"collection":[{"href":"https:\/\/consortium.hr\/sl\/wp-json\/wp\/v2\/product"}],"about":[{"href":"https:\/\/consortium.hr\/sl\/wp-json\/wp\/v2\/types\/product"}],"wp:featuredmedia":[{"embeddable":true,"href":"https:\/\/consortium.hr\/sl\/wp-json\/wp\/v2\/media\/12490"}],"wp:attachment":[{"href":"https:\/\/consortium.hr\/sl\/wp-json\/wp\/v2\/media?parent=12489"}],"wp:term":[{"taxonomy":"product_brand","embeddable":true,"href":"https:\/\/consortium.hr\/sl\/wp-json\/wp\/v2\/product_brand?post=12489"},{"taxonomy":"product_cat","embeddable":true,"href":"https:\/\/consortium.hr\/sl\/wp-json\/wp\/v2\/product_cat?post=12489"},{"taxonomy":"product_tag","embeddable":true,"href":"https:\/\/consortium.hr\/sl\/wp-json\/wp\/v2\/product_tag?post=12489"}],"curies":[{"name":"wp","href":"https:\/\/api.w.org\/{rel}","templated":true}]}}

<p><strong>JUBIZOL Acryl FAS - akrilna fasadna boja</strong></p>
<p>Za manje i veće objekte bez ili sa minimalnim napustima. Najčešći odabir za čvrste, fino ožbukane/zaglađene/glatke fasadne površine.</p>
<p><strong>Lastnosti:</strong></p>
<ul>
<li>Najčešći odabir među fasadnim bojama</li>
<li>Odlična vodoodbojnost</li>
<li>Široka paleta dostupnih, odlično postojanih nijansi</li>
<li>Otporna na razvoj algi i plijesni</li>
<li>Vrlo dobra paropropusnost</li>
<li>Odlična otpornost na atmosferska opterećenja</li>
<li>Visoka elastičnost filma boje</li>
</ul>
<p><strong>Koristi za investitora / izvođača</strong></p>
<ul>
<li>Odlična dugotrajna zaštita</li>
<li>Veliki odabir različitih pakiranja</li>
<li>Odlična pokrivnost</li>
<li>Moguć strojni nanos</li>
<li>Enostavno nanašanje</li>
<li>Odlična izdašnost i krajnji izgled filma</li>
<li>Višestruka upotreba boje</li>
</ul>
<p><strong>Poraba</strong></p>
<ul>
<li>180 do 210 ml/m2</li>
</ul>
<p><strong>Vrijeme sušenja</strong></p>
<ul>
<li>prije 2. nanosa: 6h</li>
<li>postignuta otpornost na ispiranje oborinskom vodom (h): 24</li>
</ul>

<p>JUBIZOL Acryl FAS - akrilna fasadna boja Za manje i veće objekte bez ili sa minimalnim napustima. Najčešći odabir za čvrste, fino ožbukane/zaglađene/glatke fasadne površine. Karakteristike Najčešći odabir među fasadnim bojama Odlična vodoodbojnost Široka paleta dostupnih, odlično postojanih nijansi Otporna na razvoj algi i plijesni Vrlo dobra paropropusnost Odlična otpornost na atmosferska opterećenja Visoka elastičnost [&hellip;]</p>

<!-- This site is optimized with the Yoast SEO plugin v26.1.1 - https://yoast.com/wordpress/plugins/seo/ -->
<title>Acryl FAS - akrilna fasadna boja - Consortium</title>
<meta name="robots" content="index, follow, max-snippet:-1, max-image-preview:large, max-video-preview:-1" />
<link rel="canonical" href="https://consortium.hr/sl/product/acryl-fas-akrilna-fasadna-boja/" />
<meta property="og:locale" content="sl_SI" />
<meta property="og:type" content="article" />
<meta property="og:title" content="Acryl FAS - akrilna fasadna boja - Consortium" />
<meta property="og:description" content="JUBIZOL Acryl FAS - akrilna fasadna boja Za manje i veće objekte bez ili sa minimalnim napustima. Najčešći odabir za čvrste, fino ožbukane/zaglađene/glatke fasadne površine. Karakteristike Najčešći odabir među fasadnim bojama Odlična vodoodbojnost Široka paleta dostupnih, odlično postojanih nijansi Otporna na razvoj algi i plijesni Vrlo dobra paropropusnost Odlična otpornost na atmosferska opterećenja Visoka elastičnost [&hellip;]" />
<meta property="og:url" content="https://consortium.hr/sl/product/acryl-fas-akrilna-fasadna-boja/" />
<meta property="og:site_name" content="Consortium" />
<meta property="article:modified_time" content="2026-08-14T15:12:54+00:00" />
<meta property="og:image" content="https://consortium.hr/wp-content/uploads/2025/05/acryl-fas.png" />
	<meta property="og:image:width" content="800" />
	<meta property="og:image:height" content="800" />
	<meta property="og:image:type" content="image/png" />
<meta name="twitter:card" content="summary_large_image" />
<meta name="twitter:label1" content="Est. reading time" />
	<meta name="twitter:data1" content="1 minuta" />
<script type="application/ld+json" class="yoast-schema-graph">{"@context":"https://schema.org","@graph":[{"@type":"WebPage","@id":"https://consortium.hr/product/acryl-fas-akrilna-fasadna-boja/","url":"https://consortium.hr/product/acryl-fas-akrilna-fasadna-boja/","name":"Acryl FAS - akrilna fasadna boja - Consortium","isPartOf":{"@id":"https://consortium.hr/#website"},"primaryImageOfPage":{"@id":"https://consortium.hr/product/acryl-fas-akrilna-fasadna-boja/#primaryimage"},"image":{"@id":"https://consortium.hr/product/acryl-fas-akrilna-fasadna-boja/#primaryimage"},"thumbnailUrl":"https://consortium.hr/wp-content/uploads/2025/05/acryl-fas.png","datePublished":"2025-05-07T15:24:40+00:00","dateModified":"2026-08-14T15:12:54+00:00","breadcrumb":{"@id":"https://consortium.hr/product/acryl-fas-akrilna-fasadna-boja/#breadcrumb"},"inLanguage":"sl-SI","potentialAction":[{"@type":"ReadAction","target":["https://consortium.hr/product/acryl-fas-akrilna-fasadna-boja/"]}]},{"@type":"ImageObject","inLanguage":"sl-SI","@id":"https://consortium.hr/product/acryl-fas-akrilna-fasadna-boja/#primaryimage","url":"https://consortium.hr/wp-content/uploads/2025/05/acryl-fas.png","contentUrl":"https://consortium.hr/wp-content/uploads/2025/05/acryl-fas.png","width":800,"height":800},{"@type":"BreadcrumbList","@id":"https://consortium.hr/product/acryl-fas-akrilna-fasadna-boja/#breadcrumb","itemListElement":[{"@type":"ListItem","position":1,"name":"Početna stranica","item":"https://consortium.hr/sl/"},{"@type":"ListItem","position":2,"name":"Shop","item":"https://consortium.hr/sl/shop/"},{"@type":"ListItem","position":3,"name":"Acryl FAS - akrilna fasadna boja"}]},{"@type":"WebSite","@id":"https://consortium.hr/#website","url":"https://consortium.hr/","name":"Consortium","description":"Građevinski Materijal - Odlična Ponuda i Cijena","alternateName":"Građevinski Materijal - Odlična Ponuda i Cijena","potentialAction":[{"@type":"SearchAction","target":{"@type":"EntryPoint","urlTemplate":"https://consortium.hr/?s={search_term_string}"},"query-input":{"@type":"PropertyValueSpecification","valueRequired":true,"valueName":"search_term_string"}}],"inLanguage":"sl-SI"}]}</script>
<!-- / Yoast SEO plugin. -->

JUBIZOL Acryl FAS - akrilna fasadna boja Za manje i veće objekte bez ili sa minimalnim napustima. Najčešći odabir za čvrste, fino ožbukane/zaglađene/glatke fasadne površine. Karakteristike Najčešći odabir među fasadnim bojama Odlična vodoodbojnost Široka paleta dostupnih, odlično postojanih nijansi Otporna na razvoj algi i plijesni Vrlo dobra paropropusnost Odlična otpornost na atmosferska opterećenja Visoka elastičnost [&hellip;]

Početna stranica

Građevinski Materijal - Odlična Ponuda i Cijena
